is divided by 971.
961
What is the remainder when 527697 is divided by 7876?
5
What is the remainder when 344872 is divided by 7662?
82
Calculate the remainder when 2251471 is divided by 355.
61
What is the remainder when 9102724 is divided by 1818?
1816
Calculate the remainder when 218943 is divided by 72974.
21
Calculate the remainder when 149343098 is divided by 1136.
1130
What is the remainder when 298739 is divided by 4402?
3805
What is the remainder when 4964 is divided by 1801?
1362
Calculate the remainder when 1729754 is divided by 5785.
39
What is the remainder when 972750 is divided by 38?
26
What is the remainder when 1041407 is divided by 8975?
307
Calculate the remainder when 1673491984 is divided by 515.
514
What is the remainder when 1270699 is divided by 30253?
73
What is the remainder when 3478428 is divided by 268?
56
What is the remainder when 2227785 is divided by 684?
681
What is the remainder when 419500704 is divided by 949?
948
What is the remainder when 30654 is divided by 15225?
204
Calculate the remainder when 991992 is divided by 835.
12
Calculate the remainder when 228106978 is divided by 22211.
8
Calculate the remainder when 2532081 is divided by 269.
253
Calculate the remainder when 27943293 is divided by 212.
209
Calculate the remainder when 69829 is divided by 1371.
1279
Calculate the remainder when 2982504 is divided by 574.
0
Calculate the remainder when 81387 is divided by 707.
82
Calculate the remainder when 4274583 is divided by 474950.
33
What is the remainder when 41235 is divided by 1149?
1020
Calculate the remainder when 463984788 is divided by 344.
340
Calculate the remainder when 284696 is divided by 141592.
1512
What is the remainder when 16950 is divided by 199?
35
What is the remainder when 4880063 is divided by 82?
79
What is the remainder when 1409099091 is divided by 18?
15
Calculate the remainder when 3206781 is divided by 139425.
6
What is the remainder when 2659352 is divided by 1211?
1207
Calculate the remainder when 1395393 is divided by 119.
118
Calculate the remainder when 85772788 is divided by 1941.
1939
What is the remainder when 151537 is divided by 5218?
215
Calculate the remainder when 637029427 is divided by 1141.
1140
Calculate the remainder when 84854 is divided by 645.
359
Calculate the remainder when 29683 is divided by 29620.
63
What is the remainder when 70264 is divided by 1081?
1080
Calculate the remainder when 104248 is divided by 421.
261
What is the remainder when 322283 is divided by 984?
515
What is the remainder when 716151 is divided by 403?
20
Calculate the remainder when 202656372 is divided by 301.
296
What is the remainder when 297192451 is divided by 1660293?
4
Calculate the remainder when 31528863 is divided by 2054.
2017
What is the remainder when 401570 is divided by 100226?
666
Calculate the remainder when 320447 is divided by 783.
200
What is the remainder when 2949690 is divided by 61451?
42
What is the remainder when 42219585 is divided by 5?
0
What is the remainder when 46809 is divided by 11067?
2541
What is the remainder when 2774550 is divided by 9?
3
What is the remainder when 262126 is divided by 11683?
5100
Calculate the remainder when 66174505 is divided by 63.
61
Calculate the remainder when 40312 is divided by 2387.
2120
What is the remainder when 1372790 is divided by 37?
16
What is the remainder when 1626944 is divided by 26671?
13
What is the remainder when 206453636 is divided by 11302?
2
Calculate the remainder when 315766 is divided by 42.
10
What is the remainder when 610404 is divided by 7825?
54
What is the remainder when 4611756 is divided by 1537251?
3
Calculate the remainder when 182846 is divided by 3207.
47
What is the remainder when 24414229 is divided by 2829?
2788
What is the remainder when 183750 is divided by 710?
570
Calculate the remainder when 122940 is divided by 149.
15
Calculate the remainder when 132576266 is divided by 31.
23
Calculate the remainder when 358319 is divided by 241.
193
What is the remainder when 1376019 is divided by 17?
5
What is the remainder when 141794705 is divided by 28358939?
10
What is the remainder when 92775277 is divided by 260?
257
Calculate the remainder when 20974628 is divided by 56.
52
What is the remainder when 9653740 is divided by 4684?
16
Calculate the remainder when 1542657 is divided by 771244.
169
Calculate the remainder when 968289 is divided by 107587.
6
Calculate the remainder when 328687 is divided by 10245.
847
Calculate the remainder when 1532574 is divided by 94.
92
Calculate the remainder when 2304311 is divided by 5273.
10
What is the remainder when 12317661 is divided by 186?
183
What is the remainder when 5067179 is divided by 1689041?
56
Calculate the remainder when 1168235 is divided by 13126.
21
What is the remainder when 3034494 is divided by 5769?
0
What is the remainder when 415381 is divided by 1806?
1
Calculate the remainder when 206785 is divided by 51174.
2089
What is the remainder when 308853913 is divided by 435?
433
What is the remainder when 14873180 is divided by 14260?
0
Calculate the remainder when 28561 is divided by 3325.
1961
What is the remainder when 125915 is divided by 1266?
581
What is the remainder when 1917704 is divided by 3175?
4
Calculate the remainder when 3515613 is divided by 58.
1
Calculate the remainder when 9039766 is divided by 1189.
988
What is the remainder when 1023197 is divided by 341063?
8
Calculate the remainder when 114285 is divided by 37722.
1119
What is the remainder when 56575356 is divided by 28287674?
8
Calculate the remainder when 12265152 is divided by 7980.
7872
Calculate the remainder when 4194495 is divided by 119.
102
What is the remainder when 9463780 is divided by 849?
826
Calculate the remainder when 15628584 is divided by 743.
322
What is the remainder when 485739 is divided by 103?
94
Calculate the remainder when 58241643 is divided by 316.
315
Calculate the remainder when 153370 is divided by 85.
30
Calculate the remainder when 7096163 is divided by 1694.
1691
Calculate the remainder when 140177728 is divided by 105.
103
What is the remainder when 2965093 is divided by 388?
385
What is the remainder when 4051110 is divided by 675161?
144
What is the remainder when 412273 is divided by 68712?
1
What is the remainder when 798797 is divided by 399048?
701
Calculate the remainder when 3194297 is divided by 1016.
1009
Calculate the remainder when 3468190 is divided by 417.
1
What is the remainder when 959312 is divided by 255?
2
What is the remainder when 36381886 is divided by 1422?
16
Calculate the remainder when 1908659 is divided by 12.
11
What is the remainder when 8640526 is divided by 324?
94
Calculate the remainder when 34270681 is divided by 1713534.
1
What is the remainder when 650632 is divided by 1219?
905
Calculate the remainder when 22408843 is divided by 528.
523
Calculate the remainder when 10002 is divided by 9451.
551
What is the remainder when 948249 is divided by 84?
57
Calculate the remainder when 12984334 is divided by 28350.
34
What is the remainder when 39845 is divided by 692?
401
Calculate the remainder when 2440050 is divided by 38.
32
Calculate the remainder when 20115808 is divided by 2523.
2452
What is the remainder when 114269317 is divided by 95?
87
What is the remainder when 15614122 is divided by 1900?
1822
What is the remainder when 1003014 is divided by 83484?
1206
Calculate the remainder when 4548318 is divided by 186.
60
What is the remainder when 6684092 is divided by 1576?
276
What is the remainder when 34068838 is divided by 3?
1
Calculate the remainder when 381353 is divided by 379.
79
Calculate the remainder when 1199592 is divided by 99953.
156
Calculate the remainder when 1573761 is divided by 4684.
4621
Calculate the remainder when 92775 is divided by 18544.
55
What is the remainder when 173348 is divided by 26?
6
Calculate the remainder when 85751 is divided by 177.
83
Calculate the remainder when 20651 is divided by 252.
239
What is the remainder when 197887 is divided by 65949?
40
Calculate the remainder when 9980712 is divided by 144648.
0
What is the remainder when 79468 is divided by 131?
82
Calculate the remainder when 2319157 is divided by 773048.
13
Calc